ive p(a).
10
Suppose 13 = 2*k + 3*m, -5*m + 13 = 4*k - 10. Let b(x) = -2*x**2 - 35 - 8*x**k - 4*x**2 + 10*x**2 - 17*x + 3*x**2. Give b(-14).
7
Suppose 3 = -2*r - 4*c - 19, c + 5 = -r. Let q(g) = 3*g. What is q(r)?
3
Let c(q) = 48*q + 1. Let t(r) = 292*r + 20. Let p(y) = 6*c(y) - t(y). Give p(-15).
46
Let t(c) be the second derivative of -1/3*c**3 + 0 + 10*c + 2*c**2. Let v be t(0). Let q(k) = 2*k - 2. What is q(v)?
6
Suppose 143*i = 44*i + 99. Let g(d) = -8*d**3 + 2*d**2 + 2*d - 2. Give g(i).
-6
Suppose -2*w + 40 = 36. Let f(l) = 2 - 97*l**2 - 7*l + 1 + 96*l**w. Let d = 3 + -10. Give f(d).
3
Let c(k) be the second derivative of 0 - 9/2*k**2 - 3/2*k**3 - 4*k - 1/12*k**4. Determine c(-8).
-1
Let y(l) = 48*l - 355. Let d(b) = 73*b - 563. Let g(i) = -7*d(i) + 11*y(i). What is g(-4)?
-32
Let n(g) = -g - 6 + 0 + 2*g. Let x be n(9). Let h(f) be the second derivative of f**5/20 - f**4/4 + f**3/6 - 2*f**2 - 508*f. Determine h(x).
-1
Let r(k) = 2*k**2 - 9*k + 6. Let b be r(4). Suppose 11*g = b*g + 315. Let h = 33 - g. Let f(y) = -8*y - 2. Determine f(h).
14
Let a(l) be the first derivative of l**6/120 - l**5/12 - l**4/24 - 4*l**3/3 - l**2 + 17*l + 183. Let x(v) be the second derivative of a(v). Give x(6).
22
Let l(a) = -25*a**2 + 12*a + 29. Let p(b) = -46*b**2 + 24*b + 55. Let y(f) = 11*l(f) - 6*p(f). What is y(13)?
2
Let a(m) be the third derivative of 6*m**2 - 8/3*m**3 + 0*m - 5 + 1/8*m**4. Give a(0).
-16
Let g(p) be the second derivative of -p**5/20 + 4*p**4/3 + 3*p**3 - 11*p**2 + 1029*p. Determine g(17).
-5
Let a(y) = 15 - 4 - 272*y - 17 - 13 + 265*y. What is a(-5)?
16
Let d = 10451/2322 + -1/1161. Let s(m) be the second derivative of -3/2*m**3 - 7/12*m**4 + 10*m - d*m**2 - 1/20*m**5 + 0. Calculate s(-6).
9
Suppose -3*g - 12 = -27. Suppose -22*m + g*m = -544. Suppose m = 8*w - 0*w. Let z(q) = -q + 2. Determine z(w).
-2
Suppose -12 = -3*j, 5*o + 5*j + 1 = -9. Let d(q) = 28*q - 61*q + 2 + 27*q - q**2. What is d(o)?
2
Let m(i) be the second derivative of -i**4/12 + i**3/6 - 5*i**2/2 + 245*i. Let b(u) = 2*u**2 - u + 2. Let f(a) = -b(a) - m(a). Give f(0).
3
Let n(h) be the third derivative of 2*h**6/15 + h**5/30 - h**4/24 - h**3/3 + 5641*h**2. Calculate n(-1).
-15
Let h = -3834 + 3822. Let p(l) = -l**2 - 7*l + 50. Give p(h).
-10
Let f be ((15 + -14)*0/2)/1. Suppose f = -m - 3*h - 16, 3*m + 8 + 8 = -h. Let y(w) = -w**3 - 5*w**2 - 2*w + 3. Determine y(m).
-5
Let l(j) = 10*j - 145. Let p be l(15). Let a(s) = s + 8. Determine a(p).
13
Let r(u) = -1455*u + 9 + 725*u + 730*u + u**2 + 17. Let q be 6/15 + (-2)/5. Determine r(q).
26
Suppose -t + 3*t = a - 23, 4*a - 85 = t. Suppose 231*z = 228*z - a. Let f(o) = 4*o + 8. What is f(z)?
-20
Let r(t) = 6*t - 13*t + 11*t - 2. Suppose 5 = -4*g - z, 0 = -16*g + 13*g + 5*z - 21. Calculate r(g).
-10
Let h = 11247 + -11259. Let g(x) = -x**3 - 10*x**2 + 27*x + 48. Calculate g(h).
12
Suppose 15*h - 11*h = 1752. Let k(d) = 16*d - 218 + h - 221. Give k(-2).
-33
Suppose -378 = -4*s - 5*s. Suppose 3*g + s = 3*i, -3*g + 5*i = -8*g - 50. Let y be 8/g + (-30)/9 - -2. Let d(r) = -r**2 + 2*r + 1. Give d(y).
-7
Suppose m = -3*f - 22, 0 = -4*f - f + 2*m - 33. Let b(w) = w**2 + 6*w + 7. Let h be b(-6). Let r(p) = -3*p**3 - 8 + 2*p**3 - h*p**2 + 9. What is r(f)?
1
Let z(p) = -4*p + 1. Let y(j) = -25*j - 379. Let d be y(-15). Give z(d).
17
Let i be ((-10)/(-25))/((-14)/(-560)). Let j(g) be the first derivative of -i + 5/2*g**2 - 1/3*g**3 - g. What is j(4)?
3
Suppose 6*r - 5*m - 80 = 91, -r = -3*m - 35. Let p(z) = -16*z + 423. Calculate p(r).
7
Suppose 4*i + 4 = -3*r - 12, 4*r = -3*i - 12. Suppose -2*a + 4 = -5*l, r = 10*l - 6*l + 5*a - 10. Let v(m) = 117*m - 3 + 8 - 116*m. Determine v(l).
5
Let o(z) = z**3 + 29*z**2 + 55*z + 26. Let t be o(-27). Let p(l) = -l**2 + l - 1. Let s(b) = -8*b**3 + 4*b**2 - b + 2. Let k(u) = 2*p(u) + s(u). Determine k(t).
9
Let j(a) = 7006*a + 6996*a + 17 - 14000*a. Determine j(-30).
-43
Suppose -53 = 4*b - 5*i, -2*i = 11 - 5. Let s(o) = 2*o + 41. Calculate s(b).
7
Let g be -2 + (-3 - 1)*-1 + (-12 - -18). Let o(z) = -2*z**2 + 25*z - 77. Calculate o(g).
-5
Let y(u) = -u**3 + u**2 + 5*u - 2. Let z = 46 - 44. Let n be z/(12/(-38))*-3. Suppose -k - 2 = t - 7, -3*t = 5*k - n. Determine y(t).
-5
Let c be 17/(1785/(-14)) + (-257)/(-15). Let r(x) = -18*x - x - 12 + c*x. What is r(-10)?
8
Let x(z) be the second derivative of 0 - 1/30*z**5 + 11*z + 3*z**3 - 1/24*z**4 + 0*z**2. Let t(u) be the second derivative of x(u). Give t(-1).
3
Let v(p) = -48*p + 45*p + p**2 + 394 - 423. Calculate v(7).
-1
Suppose -288 = -5*h - 303. Let m(u) = u**3 + 14*u**2 + u + 16. Let c be m(-14). Let f(i) = 2*i + 0*i - i - c + 5. What is f(h)?
0
Let f(c) be the third derivative of 1/2*c**3 + 0 + 1/24*c**4 + 69*c + c**2. Determine f(-8).
-5
Let y be -1*1*(-7 + 2). Suppose -2*c + 0*c = -3*w + 19, -57 = y*c + 2*w. Let f(h) = -h**3 - 12*h**2 - 11*h + 7. Give f(c).
7
Let u(x) = 2*x**3 - 13*x**2 - 9*x + 13. Suppose 225 = 81*p - 175 - 167. What is u(p)?
-1
Let h = 1385 - 1387. Let t(p) be the third derivative of 0*p + 6*p**2 + 0 - 1/24*p**4 - 2/3*p**3. Determine t(h).
-2
Let d(g) = -g - 3. Suppose 15*k - 92 = -8*k. Let h(a) = 2*a**3 - 8*a**2 + 3*a - 3. Let s be h(k). Determine d(s).
-12
Let m(s) = 3 - 5 + 2*s + 2. Let u be (16/(-6))/4 - (-40)/15. Suppose -3*k + k = c, -5*k - u = 3*c. Determine m(c).
-8
Let p(q) be the second derivative of -1/6*q**3 + 1/12*q**4 + 1/20*q**5 + 15/2*q**2 + 4*q + 0. What is p(0)?
15
Let t(a) = -a**3 + 7*a**2 + 7*a + 3. Suppose 0 = o + 24*f - 25*f - 3, 0 = -o - 5*f + 33. What is t(o)?
-5
Let h = -28 - -29. Let c(i) = -7*i**2 - 2*i + 7. Let o(q) = 11*q**2 + 3*q - 11. Let n(z) = 8*c(z) + 5*o(z). What is n(h)?
-1
Let r be (-2)/(6/(-4) - -2). Let s(f) = 3*f + 3. Let y(z) = -1. Let p(m) = s(m) + 2*y(m). Calculate p(r).
-11
Let n(d) = -2 - 4*d**2 + 2 - 3*d - 3 + d**3. Let c(h) be the first derivative of -h**2 - 20*h + 197. Let s be c(-12). What is n(s)?
-15
Let l(n) be the first derivative of 3*n**2/2 - 5*n - 230. Let b(t) = -t + 1. Let z(h) = h + 6. Let v be z(-5). Let m(i) = v*l(i) + 4*b(i). Give m(-7).
6
Let v(o) = 1 - 5 + 14*o - 2 + 1 + 10. Calculate v(1).
19
Suppose -48*m + 49*m + 30 = 4*n, -n + 9 = -m. Let h(f) = f**3 + 2*f**2 - 22*f - 45. Determine h(m).
-1
Let y(l) = 23*l**2 - 29*l + 16. Let n(m) = -12*m**2 + 16*m - 9. Let k(c) = 11*n(c) + 6*y(c). What is k(1)?
5
Let a(b) = b**3 + b**2 + 2*b + 1. Let k(m) = 4*m**3 - 12*m**2 + 14*m + 18. Let r(y) = -6*a(y) + k(y). Let q be r(-9). Let n(g) = g - 4. What is n(q)?
-10
Suppose -2*g = -132*f + 135*f - 13, -5*g - 2*f = -16. Let d(x) = 346*x**2 + 3 + 346*x**g + x**3 - 690*x**2 - 4*x. Calculate d(2).
11
Let r(a) be the second derivative of a**3/6 - 9*a**2/2 - 19*a + 4. What is r(12)?
3
Let g(w) = 11658 - 23320 + 39*w + 11660. Calculate g(1).
37
Let q(y) be the third derivative of 7*y**6/40 + y**5/60 + y**4/12 - y**3/2 + y**2 + 222*y. Determine q(1).
21
Let j = 301667 - 301664. Let d(b) be the first derivative of -2*b**3/3 + 7*b**2/2 - b + 1. Calculate d(j).
2
Let r(a) = a**2 - 6*a - 1. Suppose 0 = 5*x + 4*j + 66, -5*x - 72 = -0*x - 2*j. Let h = x + 22. Suppose 9*k - 7 = h*k. Calculate r(k).
6
Let s be 4/(40/(-22) - -2). Let q = s + -17. Let a(k) = k**3 - 6*k**2 + 5*k - 6. What is a(q)?
-6
Let q(b) be the second derivative of b**5/10 + b**4/2 - 4*b**3/3 + b**2 - 42*b + 23. Calculate q(-6).
-166
Let v(m) = 10*m - 14372*m**2 + 7191*m**2 + 7185*m**2 + 10. Calculate v(-2).
6
Let r(u) = -u**3 - u**2 + 54. Let q = -4943 + 4943. Calculate r(q).
54
Let i(o) = -2*o**3 + 4*o**2 - 3*o + 1. Suppose -177 - 351 = -11*m. Let w be 6/(-21) + 5/(105/m). Calculate i(w).
-5
Let g(o) = -o**3 - o**2 - o - 1. Let c(u) be the second derivative of -3/10*u**5 + 34*u - u**3 - 3/4*u**4 - 5*u**2 + 0. Let n(a) = -c(a) + 5*g(a). Give n(-5).
-25
Let q = -8002 - -8008. Let p(k) = -k**2 + 2*k + 2. What is p(q)?
-22
Suppose -t - 5*a = -2*a - 8, 4*a - 4 = 2*t. Let b(z) = -8*z**2 + 5*z - 5. Determine b(t).
-27
Let m(y) = y - 1. Let b be m(-1). Let i(x) = 30*x**2 - 5*x - 14. Let d(l) = 7*l**2 - 2*l - 4. Let z(g) = 4*d(g) - i(g). What is z(b)?
-4
Let g(d) = -9*d - 416. Let b(x) = 8*x**3 - 38*x**2 + x + 44. Let j be b(4). Calculate g(j).
16
Let v be 2 + -1 - (0 + -4). Let y(w) = -1 + 12*w - 3 + 46*w - 113*w - 1 + 57*w